{"id":264,"date":"2025-07-08T23:07:25","date_gmt":"2025-07-08T20:07:25","guid":{"rendered":"https:\/\/www.alluharrastaa.com\/blog\/?page_id=264"},"modified":"2025-07-31T23:27:58","modified_gmt":"2025-07-31T20:27:58","slug":"talvivaelluksen-varustelista","status":"publish","type":"page","link":"https:\/\/www.alluharrastaa.com\/blog\/talvivaelluksen-varustelista\/","title":{"rendered":"Talvivaelluksen varustelista"},"content":{"rendered":"\n<p style=\"text-transform:none\">Jaan varusteet listassani kahteen ryhm\u00e4\u00e4n: varusteisiin ja vaatteisiin. Lis\u00e4ksi minulla on mukana aina kamera ja siihen erin\u00e4isi\u00e4 tarvikkeita. Varusteiden ohessa mukana on tietysti aina riitt\u00e4v\u00e4 m\u00e4\u00e4r\u00e4 sapuskaa. Varusten\u00e4k\u00f6kulmasta t\u00e4rke\u00e4\u00e4 on tietysti huomioida ruoan valmistukseen ja s\u00e4ilytt\u00e4miseen liittyv\u00e4t varusteet, kuten keitin ja sen polttoaine, vesiastiat ja kuivas\u00e4kit.<\/p>\n\n\n\n<figure class=\"wp-block-gallery has-nested-images columns-2 is-cropped wp-block-gallery-1 is-layout-flex wp-block-gallery-is-layout-flex\">\n<figure class=\"wp-block-image size-large\"><img loading=\"lazy\" decoding=\"async\" width=\"1024\" height=\"683\" data-id=\"283\" src=\"https:\/\/www.alluharrastaa.com\/blog\/wp-content\/uploads\/2025\/07\/043A9026-1024x683.jpg\" alt=\"\" class=\"wp-image-283\" srcset=\"https:\/\/www.alluharrastaa.com\/blog\/wp-content\/uploads\/2025\/07\/043A9026-1024x683.jpg 1024w, https:\/\/www.alluharrastaa.com\/blog\/wp-content\/uploads\/2025\/07\/043A9026-300x200.jpg 300w, https:\/\/www.alluharrastaa.com\/blog\/wp-content\/uploads\/2025\/07\/043A9026-768x512.jpg 768w, https:\/\/www.alluharrastaa.com\/blog\/wp-content\/uploads\/2025\/07\/043A9026-1536x1024.jpg 1536w, https:\/\/www.alluharrastaa.com\/blog\/wp-content\/uploads\/2025\/07\/043A9026-2048x1366.jpg 2048w\" sizes=\"auto, (max-width: 1024px) 100vw, 1024px\" \/><\/figure>\n\n\n\n<figure class=\"wp-block-image size-large\"><img loading=\"lazy\" decoding=\"async\" width=\"1024\" height=\"683\" data-id=\"282\" src=\"https:\/\/www.alluharrastaa.com\/blog\/wp-content\/uploads\/2025\/07\/043A4027-1024x683.jpg\" alt=\"\" class=\"wp-image-282\" srcset=\"https:\/\/www.alluharrastaa.com\/blog\/wp-content\/uploads\/2025\/07\/043A4027-1024x683.jpg 1024w, https:\/\/www.alluharrastaa.com\/blog\/wp-content\/uploads\/2025\/07\/043A4027-300x200.jpg 300w, https:\/\/www.alluharrastaa.com\/blog\/wp-content\/uploads\/2025\/07\/043A4027-768x512.jpg 768w, https:\/\/www.alluharrastaa.com\/blog\/wp-content\/uploads\/2025\/07\/043A4027-1536x1024.jpg 1536w, https:\/\/www.alluharrastaa.com\/blog\/wp-content\/uploads\/2025\/07\/043A4027-2048x1365.jpg 2048w\" sizes=\"auto, (max-width: 1024px) 100vw, 1024px\" \/><\/figure>\n\n\n\n<figure class=\"wp-block-image size-large is-style-default\"><img loading=\"lazy\" decoding=\"async\" width=\"1024\" height=\"683\" data-id=\"281\" src=\"https:\/\/www.alluharrastaa.com\/blog\/wp-content\/uploads\/2025\/07\/043A3063-1024x683.jpg\" alt=\"\" class=\"wp-image-281\" srcset=\"https:\/\/www.alluharrastaa.com\/blog\/wp-content\/uploads\/2025\/07\/043A3063-1024x683.jpg 1024w, https:\/\/www.alluharrastaa.com\/blog\/wp-content\/uploads\/2025\/07\/043A3063-300x200.jpg 300w, https:\/\/www.alluharrastaa.com\/blog\/wp-content\/uploads\/2025\/07\/043A3063-768x512.jpg 768w, https:\/\/www.alluharrastaa.com\/blog\/wp-content\/uploads\/2025\/07\/043A3063-1536x1024.jpg 1536w, https:\/\/www.alluharrastaa.com\/blog\/wp-content\/uploads\/2025\/07\/043A3063-2048x1366.jpg 2048w\" sizes=\"auto, (max-width: 1024px) 100vw, 1024px\" \/><\/figure>\n\n\n\n<figure class=\"wp-block-image size-large\"><img loading=\"lazy\" decoding=\"async\" width=\"1024\" height=\"683\" data-id=\"287\" src=\"https:\/\/www.alluharrastaa.com\/blog\/wp-content\/uploads\/2025\/07\/043A4726-1-1024x683.jpg\" alt=\"\" class=\"wp-image-287\" srcset=\"https:\/\/www.alluharrastaa.com\/blog\/wp-content\/uploads\/2025\/07\/043A4726-1-1024x683.jpg 1024w, https:\/\/www.alluharrastaa.com\/blog\/wp-content\/uploads\/2025\/07\/043A4726-1-300x200.jpg 300w, https:\/\/www.alluharrastaa.com\/blog\/wp-content\/uploads\/2025\/07\/043A4726-1-768x512.jpg 768w, https:\/\/www.alluharrastaa.com\/blog\/wp-content\/uploads\/2025\/07\/043A4726-1-1536x1024.jpg 1536w, https:\/\/www.alluharrastaa.com\/blog\/wp-content\/uploads\/2025\/07\/043A4726-1-2048x1365.jpg 2048w\" sizes=\"auto, (max-width: 1024px) 100vw, 1024px\" \/><\/figure>\n<\/figure>\n\n\n\n<figure style=\"text-transform:none\" class=\"wp-block-table has-x-small-font-size\"><table><thead><tr><th>Varusteet<\/th><th>Huomioita<\/th><\/tr><\/thead><tbody><tr><td>Ahkio + vetoaisa\/-laite<\/td><td>K\u00e4yt\u00e4n Fjellpulkenin 144-senttist\u00e4 ahkiota, johon mahtuu hyvin reilun viikon tarvikkeet. Fjellpulkenin vetoaisa on j\u00e4ykk\u00e4, mink\u00e4 vuoksi se ei ole paras vaihtoehto mets\u00e4iseen maastoon. Avotunturissa j\u00e4ykk\u00e4 aisa on kuitenkin erinomainen.<\/td><\/tr><tr><td>Sukset, monot ja sauvat<\/td><td>Sukset voivat olla mets\u00e4sukset, tunturisukset tai esimerkiksi liukulumikeng\u00e4t. Omistan vain ter\u00e4skanttiset tunturisukset (Madshus Glittertind). Varasauva mahdollisesti pidemmill\u00e4 vaelluksilla.<\/td><\/tr><tr><td>Nousukarvat suksiin<\/td><td>Yl\u00e4m\u00e4iss\u00e4 n\u00e4it\u00e4 muistaa kiitt\u00e4\u00e4.<\/td><\/tr><tr><td>Retkilapio<\/td><td>Oikeasti v\u00e4ltt\u00e4m\u00e4t\u00f6n.<\/td><\/tr><tr><td>Reppu tai pieni rinkka<\/td><td>Tarvikkeille, joita tarvitsee ilman, ett\u00e4 tarvitsee avata ahkiota. Esimerkiksi kamera, termospullo, kartta, laskettelulasit ja varahanskat kulkevat repussa.<\/td><\/tr><tr><td>Teltta<\/td><td>Jonkinlainen majoite on aina syyt\u00e4 olla mukana, vaikka reitti tukeutuisi autiotupiin. K\u00e4yt\u00e4n talvitelttana Hillebergin Nallo 3 GT:t\u00e4. <\/td><\/tr><tr><td>Talvikiilat telttaan<\/td><td>Olen askarrellut itse n. 30 cm pitk\u00e4t kiilat. Lyhyill\u00e4 kiiloilla ei tee talvella mit\u00e4\u00e4n.<\/td><\/tr><tr><td>Varakaaret telttaan<\/td><td>Kaiken varalta.<\/td><\/tr><tr><td>Routamatto telttaan<\/td><td>K\u00e4yt\u00e4n teltassa alustana 10 mm paksua solumuovia, jonka p\u00e4\u00e4lle tulee viel\u00e4 varsinainen makuualusta. Koko teltan kokoinen routamatto on mukavuustekij\u00e4. Vie paljon tilaa, mutta ei paina juuri mit\u00e4\u00e4n.<\/td><\/tr><tr><td>Makuualusta<\/td><td>T\u00e4ll\u00e4 hetkell\u00e4 k\u00e4yt\u00f6ss\u00e4 Expedin untuvat\u00e4ytteinen alusta. Ilman teltan routamattoa t\u00e4m\u00e4n kanssa tulisi tavallinen solumuovinen makuualusta.<\/td><\/tr><tr><td>Makuupussi(t)<\/td><td>K\u00e4yt\u00e4n talvivaelluksilla kahden makuupussin taktiikkaa, jossa paksumman pussin Comfort-arvo on -10.  Sen p\u00e4\u00e4ll\u00e4 k\u00e4yt\u00e4n tarvittaessa kolmen vuodenajan pussia.<\/td><\/tr><tr><td>Keitin (bensakeitin) + keitinlaatikko<\/td><td>K\u00e4yt\u00e4n monipolttoainekeitint\u00e4 (MSR Whisperlite 2), jota voi k\u00e4ytt\u00e4\u00e4 my\u00f6s kaasulla. Kaasun toimivuus pakkasella on kuitenkin heikkoa, joten k\u00e4yt\u00e4n polttoaineena bensaa. Keitinlaatikko on mukavuus- ja jossain m\u00e4\u00e4rin my\u00f6s turvallisuustekij\u00e4. Laatikon olen tehnyt itse <a href=\"https:\/\/blogi.ennola.fi\/wp-content\/uploads\/2013\/05\/keitinlaatikko.pdf\">t\u00e4\u00e4lt\u00e4 l\u00f6ytyvien piirustusten mukaan<\/a> soveltaen. Laatikossa kulkee mukana my\u00f6s keittimen varaosat ja huoltopakkaus.<\/td><\/tr><tr><td>Polttoaine (pienkonebensiini) + suppilo<\/td><td>Puoli litraa bensaa per vuorokausi riitt\u00e4\u00e4 varmasti. V\u00e4hemm\u00e4ll\u00e4kin yleens\u00e4 selvi\u00e4\u00e4 (jopa 2-3 dl\/vrk), mutta parempi olla hieman reilusti. Suppilo helpottaa keittimen polttoainepullon tankkausta.<\/td><\/tr><tr><td>Tulitikkuja<\/td><td>Paljon ja joka paikkaan tungettuna, pieniin minigrip-pusseihin pakattuna. Onpahan aina k\u00e4sill\u00e4 tarvittaessa. <\/td><\/tr><tr><td>Kattilat ja aterimet<\/td><td>K\u00e4yt\u00e4n Trangian alumiinikattiloita. Kannattaa olla v\u00e4hint\u00e4\u00e4n kaksi, koska vesi on usein sulatettava lumesta ja se on yhdell\u00e4 kattilalla kikkailua.<\/td><\/tr><tr><td>Kuksa tai muu juomamuki<\/td><td>Kuksa sen olla pit\u00e4\u00e4. Fiiliskysymys.<\/td><\/tr><tr><td>Kauha<\/td><td>Kunnon keittokauha tai vastaava. Tarpeellinen kun kauhoo lunta sulatettavaksi.<\/td><\/tr><tr><td>Termospullot<\/td><td>Yksi leve\u00e4suinen ruokatermari ja ainakin kolme 0,5-0,75 litran pulloa.<\/td><\/tr><tr><td>Vesipullo<\/td><td>Armeijan vanha kentt\u00e4pullo (1 litra) on hyv\u00e4.<\/td><\/tr><tr><td>Tiskiharja ja -aine<\/td><td>Tiskiaine pieness\u00e4 vanhassa k\u00e4sidesipullossa. J\u00e4\u00e4tyy kyll\u00e4, kuten kaikki muutkin nesteet&#8230;<\/td><\/tr><tr><td>Pieni kylm\u00e4laukku<\/td><td>K\u00e4tev\u00e4 ruuan s\u00e4ilytt\u00e4miseen erityisesti matkalla, vaikkei varsinaisella vaelluksella v\u00e4ltt\u00e4m\u00e4t\u00f6n<\/td><\/tr><tr><td>Kartat ja kompassi<\/td><td>Paperikartta mukana, aina!<\/td><\/tr><tr><td>Vihko ja kyni\u00e4<\/td><td>Koska miten muuten voi tehd\u00e4 muistiinpanoja?<\/td><\/tr><tr><td>Kynttil\u00f6it\u00e4<\/td><td>Koska vaelluksellakin voi olla romantiikkaa! No, autiotuvilla ihan k\u00e4tevi\u00e4, ettei tarvitse koko ajan otsalampulla sohia. Vaihtoehtoisesti pattereilla toimivat pienet &#8221;jouluvalot&#8221; ajaa saman asian.<\/td><\/tr><tr><td>GPS-laite ja inReach<\/td><td>K\u00e4yt\u00e4n pient\u00e4 Garminin k\u00e4sigepsi\u00e4 suunnistuksen tukena ja reitin piirt\u00e4miseen, sek\u00e4 lis\u00e4ksi inReach mini 2:sta, jolla voi l\u00e4hett\u00e4\u00e4 h\u00e4t\u00e4viestin, jakaa sijaintitietoa, l\u00e4hett\u00e4\u00e4 ja vastaanottaa tekstiviestej\u00e4 ja hakea s\u00e4\u00e4ennusteen.<\/td><\/tr><tr><td>Puhelin, lompakko ja avaimet<\/td><td>Syyt\u00e4 s\u00e4ilytt\u00e4\u00e4 siten, etteiv\u00e4t p\u00e4\u00e4se menem\u00e4\u00e4n hukkaan. Jos koko lompakkoa ei tarvitse, ainakin henkkarit, matkavakuutuskortti ja luottokortti. Plussa-korttia ei maastossa tarvitse.<\/td><\/tr><tr><td>Varavirtal\u00e4hteet ja kaapelit<\/td><td>Onneksi nykyisin kaikki toimii USB-C:ll\u00e4. Virtapankkeja kulutuksen mukaan. Jos ei k\u00e4yt\u00e4 muuta kuin puhelinta, yksi 10 000 mAh virtapankki riitt\u00e4\u00e4 hyvin viikoksi. Minulla on useimmiten mukana 2 x 20 000 mAh + 1 x 10 000 mAh pankit. Painoa noista kyll\u00e4 tulee jo, mutta drone ja kamerat viev\u00e4t virtaa&#8230;<\/td><\/tr><tr><td>K\u00e4sidesi ja saippua<\/td><td>Kukaan ei halua paskatautia maastossa.<\/td><\/tr><tr><td>Pieni pyyhe<\/td><td>T\u00e4h\u00e4n voi vaikka kuivata naamataulun tai k\u00e4det.<\/td><\/tr><tr><td>WC-paperi<\/td><td>Rulla per henkil\u00f6 per viikko riitt\u00e4\u00e4. S\u00e4ilytet\u00e4\u00e4n omassa kuivapussissaan.<\/td><\/tr><tr><td>Nen\u00e4liinoja<\/td><td>Talvella nokka vuotaa kuitenkin jatkuvasti.<\/td><\/tr><tr><td>Kuivapussit<\/td><td>Erikseen vaatteille ja kosteusherkille tarvikkeille. Pieni s\u00e4l\u00e4 omissa minigrip-pusseissaan.<\/td><\/tr><tr><td>Hammasharja ja tahna.<\/td><td>Tanha j\u00e4\u00e4tyy, mutta mink\u00e4s teet.<\/td><\/tr><tr><td>L\u00e4\u00e4kkeet<\/td><td>Henkil\u00f6kohtainen l\u00e4\u00e4kitys + v\u00e4hint\u00e4\u00e4n tulehduskipul\u00e4\u00e4kett\u00e4 riitt\u00e4v\u00e4sti. Joku perusvoide on my\u00f6s ihan k\u00e4tev\u00e4 pieness\u00e4 tuubissa. Ja huulirasva.<\/td><\/tr><tr><td>Aurinkorasva<\/td><td>50 SPF. Jos unohtuu, itkett\u00e4\u00e4 jossain vaiheessa varmasti. Ja jos on niin huono keli, ettei tarvitse koko vaelluksella, itkett\u00e4\u00e4 sekin.<\/td><\/tr><tr><td>Ensiaputarvikkeet<\/td><td>Ainakin laastaria, ideaalisidett\u00e4, pelastuslakana<\/td><\/tr><tr><td>Jalkateippi<\/td><td>Urheiluteippi tms. N\u00e4in saattaa v\u00e4ltt\u00e4\u00e4 rakot.<\/td><\/tr><tr><td>Leatherman<\/td><td>Ilman t\u00e4t\u00e4 ei pid\u00e4 kotoa maastoon poistuman.<\/td><\/tr><tr><td>Puukko<\/td><td>Ainakin jos on tarve vuolla kiehisi\u00e4 tai pilkkoa puita. Tai taistella susien kanssa.<\/td><\/tr><tr><td>&#8221;Korjaussarja&#8221;<\/td><td>Nippusiteit\u00e4, narua, hakaneuloja, vaatteenpaikkausteippi\u00e4 (my\u00f6s jeesusteippi ajaa samaa asiaa)<\/td><\/tr><tr><td>Otsalamppu<\/td><td>Ja varapattereita! Erillinen telttavalo voi olla my\u00f6s k\u00e4tev\u00e4. Talvella y\u00f6ll\u00e4 on pime\u00e4\u00e4.<\/td><\/tr><tr><td>Perseenaluset<\/td><td>Eli solumuovisia istuinalustoja pari. Ovat telttatouhuissa tai ihan vain taukoa pit\u00e4ess\u00e4 ihan ykk\u00f6si\u00e4.<\/td><\/tr><tr><td>Kuivausr\u00e4tti<\/td><td>Keitti\u00f6r\u00e4tti tai vastaava. K\u00e4tev\u00e4 kosteuden kuivaamiseen telttakankaasta. <\/td><\/tr><tr><td>L\u00e4mp\u00f6mittari<\/td><td>Koska on kiva tiet\u00e4\u00e4, kuinka kylm\u00e4 tai l\u00e4mmin on.<\/td><\/tr><tr><td>H\u00e4k\u00e4varoitin<\/td><td>Jottei henki l\u00e4htisi teltassa lunta sulatellessa tai ruokaa laittaessa.<\/td><\/tr><tr><td>Irtohihnoja<\/td><td>N\u00e4ill\u00e4 voi korjata l\u00e4hes mit\u00e4 vaan.<\/td><\/tr><tr><td>Tarvikelaatikko<\/td><td>Muoviloota ahkioon. Saa mukavasti pienet s\u00e4l\u00e4t sinne.<\/td><\/tr><tr><td>Muovipusseja<\/td><td>Roskia ja likaisia tai m\u00e4rki\u00e4 vaatteita varten<\/td><\/tr><tr><td>Varustekassit<\/td><td>Isot kestokassit, joissa on k\u00e4tev\u00e4 s\u00e4ilytt\u00e4\u00e4 tavaroita. Nopea purkaa\/pakata ahkioon.<\/td><\/tr><\/tbody><\/table><\/figure>\n\n\n\n<hr class=\"wp-block-separator has-alpha-channel-opacity\"\/>\n\n\n\n<p class=\"has-large-font-size\" style=\"text-transform:none\">Vaatteet<\/p>\n\n\n\n<p style=\"text-transform:none\">Vaatteiden kanssa v\u00e4hemm\u00e4n on enemm\u00e4n. Liikaa ei kannata pit\u00e4\u00e4 mukana. Talvella tarvitsee periaatteessa ihan samat vaatteet kuin sulan maan aikaan, mutta l\u00e4mpim\u00e4mpin\u00e4 versioina. Lis\u00e4ksi mukana on oltava riitt\u00e4v\u00e4n l\u00e4mp\u00f6iset hanskat ja p\u00e4\u00e4hine. Vaatteet s\u00e4ilytet\u00e4\u00e4n omassa kuivas\u00e4kiss\u00e4\u00e4n, poislukien taukotakki ja varahanskat ym, joita tarvitaan p\u00e4iv\u00e4n aikana.<\/p>\n\n\n\n<p style=\"text-transform:none\">Tuvilla majoittuessa kastuneet tai kostuneet vaatteet saa hyvin kuivattua, mutta teltassa ei talvella kuivu juuri mik\u00e4\u00e4n. Sen sijaan kaikki j\u00e4\u00e4tyy. Siksi kannattaa v\u00e4ltt\u00e4\u00e4 kovaa hikoilua ja suosia nopeasti kuivuvia materiaaleja.<\/p>\n\n\n\n<figure class=\"wp-block-gallery has-nested-images columns-default is-cropped wp-block-gallery-2 is-layout-flex wp-block-gallery-is-layout-flex\">\n<figure class=\"wp-block-image size-large\"><img loading=\"lazy\" decoding=\"async\" width=\"1024\" height=\"683\" data-id=\"290\" src=\"https:\/\/www.alluharrastaa.com\/blog\/wp-content\/uploads\/2025\/07\/image00010-1024x683.jpeg\" alt=\"\" class=\"wp-image-290\" srcset=\"https:\/\/www.alluharrastaa.com\/blog\/wp-content\/uploads\/2025\/07\/image00010-1024x683.jpeg 1024w, https:\/\/www.alluharrastaa.com\/blog\/wp-content\/uploads\/2025\/07\/image00010-300x200.jpeg 300w, https:\/\/www.alluharrastaa.com\/blog\/wp-content\/uploads\/2025\/07\/image00010-768x512.jpeg 768w, https:\/\/www.alluharrastaa.com\/blog\/wp-content\/uploads\/2025\/07\/image00010-1536x1024.jpeg 1536w, https:\/\/www.alluharrastaa.com\/blog\/wp-content\/uploads\/2025\/07\/image00010-2048x1365.jpeg 2048w\" sizes=\"auto, (max-width: 1024px) 100vw, 1024px\" \/><\/figure>\n\n\n\n<figure class=\"wp-block-image size-large\"><img loading=\"lazy\" decoding=\"async\" width=\"1024\" height=\"734\" data-id=\"289\" src=\"https:\/\/www.alluharrastaa.com\/blog\/wp-content\/uploads\/2025\/07\/Nayttokuva-2025-07-09-000807-1024x734.png\" alt=\"\" class=\"wp-image-289\" srcset=\"https:\/\/www.alluharrastaa.com\/blog\/wp-content\/uploads\/2025\/07\/Nayttokuva-2025-07-09-000807-1024x734.png 1024w, https:\/\/www.alluharrastaa.com\/blog\/wp-content\/uploads\/2025\/07\/Nayttokuva-2025-07-09-000807-300x215.png 300w, https:\/\/www.alluharrastaa.com\/blog\/wp-content\/uploads\/2025\/07\/Nayttokuva-2025-07-09-000807-768x550.png 768w, https:\/\/www.alluharrastaa.com\/blog\/wp-content\/uploads\/2025\/07\/Nayttokuva-2025-07-09-000807.png 1165w\" sizes=\"auto, (max-width: 1024px) 100vw, 1024px\" \/><\/figure>\n<\/figure>\n\n\n\n<figure style=\"text-transform:none\" class=\"wp-block-table has-x-small-font-size\"><table><thead><tr><th>Vaatteet<\/th><th>Huomioita<\/th><\/tr><\/thead><tbody><tr><td>Kalsarit<\/td><td>Kolmet riitt\u00e4\u00e4 viikoksi<\/td><\/tr><tr><td>Paksut hiihtosukat<\/td><td>Kolme paria<\/td><\/tr><tr><td>Villasukat<\/td><td>Telttaan ja y\u00f6n ajaksi<\/td><\/tr><tr><td>Kerrastot ja aluspaidat<\/td><td>Merinovillaa, niin ei ala haista. Kahdella yleens\u00e4 p\u00e4rj\u00e4\u00e4. My\u00f6s erillinen merinoaluspaita n\u00e4iden lis\u00e4ksi esim. y\u00f6ksi.<\/td><\/tr><tr><td>Toppakeng\u00e4t tai vastaavat<\/td><td>Telttaan ja\/tai tuvalla hengaamiseen. Riitt\u00e4v\u00e4n l\u00e4mpim\u00e4t.<\/td><\/tr><tr><td>S\u00e4\u00e4rystimet<\/td><td>Okei &#8211; n\u00e4it\u00e4 ei usein tule k\u00e4ytetty\u00e4, mutta voivat olla tarpeen jos m\u00e4rk\u00e4\u00e4 tai upottavaa hankea.<\/td><\/tr><tr><td>Softshell tms. takki<\/td><td>My\u00f6s anorakki tai vastaava toimii. P\u00e4\u00e4asiallinen hiihtotakki, jonka alle kerrasto + mahdollisesti toinen kerros.<\/td><\/tr><tr><td>Kevytuntuvatakki<\/td><td>Taukotakiksi tai kylm\u00e4ss\u00e4 hiiht\u00e4miseen.<\/td><\/tr><tr><td>Paksu toppa- tai untuvatakki<\/td><td>Voi k\u00e4ytt\u00e4\u00e4 y\u00f6ll\u00e4 tarvittaessa lis\u00e4peittona. <\/td><\/tr><tr><td>Kuoritakki<\/td><td>Tuulta, viimaa ja sadetta vastaan.<\/td><\/tr><tr><td>Kuorihousut<\/td><td>Jotta jalatkin pysyisiv\u00e4t kuivana. Usein hiiht\u00e4ess\u00e4 riitt\u00e4\u00e4, kun on kerrasto + kuorihousut.<\/td><\/tr><tr><td>Toppahousut<\/td><td>Jotta silloinkin on l\u00e4mmin, kun on leiriss\u00e4.<\/td><\/tr><tr><td>Verkkarit tms. housut<\/td><td>Oikein l\u00e4mpim\u00e4n kelin hiihtoon tai telttaan \/ tuvalle hengailuun. Tai sitten oikein kylm\u00e4ll\u00e4 lis\u00e4kerrokseksi.<\/td><\/tr><tr><td>Fleece tai villapaita<\/td><td>Itsell\u00e4ni k\u00e4yt\u00f6ss\u00e4 my\u00f6s aito ruotsalainen SA-int. poolo. Hyv\u00e4 v\u00e4likerros. N\u00e4it\u00e4 on hyv\u00e4 olla pari.<\/td><\/tr><tr><td>Vy\u00f6<\/td><td>Jos housut eiv\u00e4t muuten pysy jalassa.<\/td><\/tr><tr><td>Tuubihuiveja<\/td><td>Kolme kappaletta on hyv\u00e4, koska n\u00e4m\u00e4 my\u00f6s kastuu ja j\u00e4\u00e4 taskuihin py\u00f6rim\u00e4\u00e4n. T\u00e4rke\u00e4 suojaamaan kaulaa ja tuomaan l\u00e4mp\u00f6\u00e4.<\/td><\/tr><tr><td>Pipot ja p\u00e4\u00e4hineet<\/td><td>Ohut ja paksu. Erillinen l\u00e4mmin hattu voi olla tarpeen, mutta huput ajavat usein samaa asiaa.<\/td><\/tr><tr><td>Kyp\u00e4r\u00e4myssy<\/td><td>L\u00e4mmitt\u00e4\u00e4 kaulaa ja leukaa. Merinoa mieluiten, niin ei kutita.<\/td><\/tr><tr><td>Merinosormikkaat<\/td><td>Ihan ehdottomat telttaan.<\/td><\/tr><tr><td>Hiihtohanskat<\/td><td>Ohuemmat ja paksummat, mieluiten useammat, jotta olisi kuivat tarvittaessa.<\/td><\/tr><tr><td>Lapaset<\/td><td>Tavalliset villalapaset ovat hyv\u00e4 keino lis\u00e4t\u00e4 l\u00e4mp\u00f6\u00e4 hiihtohanskojen p\u00e4\u00e4lle.<\/td><\/tr><tr><td>Kintaat<\/td><td>Koska hiiht\u00e4misen j\u00e4lkeen voi tulla sormille kylm\u00e4. Liian l\u00e4mpimi\u00e4 k\u00e4sineit\u00e4 ei voi talvella olla mukana.<\/td><\/tr><tr><td>&#8221;Bensahanskat&#8221;<\/td><td>Koska hyvi\u00e4 hanskoja ei ole kiva sotkea bensaan. Tavalliset talvik\u00e4ytt\u00f6\u00f6n tehdyt ty\u00f6hanskat ovat hyv\u00e4t.<\/td><\/tr><tr><td>Laskettelulasit<\/td><td>Koska tuuli ja tuisku voi olla todella kova.<\/td><\/tr><tr><td>Aurinkolasit<\/td><td>Koska lumisokeus ei ole kivaa.<\/td><\/tr><\/tbody><\/table><\/figure>\n\n\n\n<p><\/p>\n\n\n\n<p>&lt;&lt; <a href=\"https:\/\/www.alluharrastaa.com\/blog\/varusteet\/\">Takaisin varusteisiin<\/a><\/p>\n","protected":false},"excerpt":{"rendered":"<p>Jaan varusteet listassani kahteen ryhm\u00e4\u00e4n: varusteisiin ja vaatteisiin. Lis\u00e4ksi minulla on mukana aina kamera ja siihen erin\u00e4isi\u00e4 tarvikkeita. Varusteiden ohessa mukana on tietysti aina riitt\u00e4v\u00e4 m\u00e4\u00e4r\u00e4 sapuskaa. Varusten\u00e4k\u00f6kulmasta t\u00e4rke\u00e4\u00e4 on tietysti huomioida ruoan valmistukseen ja s\u00e4ilytt\u00e4miseen liittyv\u00e4t varusteet, kuten keitin ja sen polttoaine, vesiastiat ja kuivas\u00e4kit. Varusteet Huomioita Ahkio + vetoaisa\/-laite K\u00e4yt\u00e4n Fjellpulkenin 144-senttist\u00e4 ahkiota, [&hellip;]<\/p>\n","protected":false},"author":1,"featured_media":0,"parent":0,"menu_order":0,"comment_status":"closed","ping_status":"closed","template":"","meta":{"footnotes":""},"class_list":["post-264","page","type-page","status-publish","hentry"],"_links":{"self":[{"href":"https:\/\/www.alluharrastaa.com\/blog\/wp-json\/wp\/v2\/pages\/264","targetHints":{"allow":["GET"]}}],"collection":[{"href":"https:\/\/www.alluharrastaa.com\/blog\/wp-json\/wp\/v2\/pages"}],"about":[{"href":"https:\/\/www.alluharrastaa.com\/blog\/wp-json\/wp\/v2\/types\/page"}],"author":[{"embeddable":true,"href":"https:\/\/www.alluharrastaa.com\/blog\/wp-json\/wp\/v2\/users\/1"}],"replies":[{"embeddable":true,"href":"https:\/\/www.alluharrastaa.com\/blog\/wp-json\/wp\/v2\/comments?post=264"}],"version-history":[{"count":23,"href":"https:\/\/www.alluharrastaa.com\/blog\/wp-json\/wp\/v2\/pages\/264\/revisions"}],"predecessor-version":[{"id":419,"href":"https:\/\/www.alluharrastaa.com\/blog\/wp-json\/wp\/v2\/pages\/264\/revisions\/419"}],"wp:attachment":[{"href":"https:\/\/www.alluharrastaa.com\/blog\/wp-json\/wp\/v2\/media?parent=264"}],"curies":[{"name":"wp","href":"https:\/\/api.w.org\/{rel}","templated":true}]}}